162 - -7960. What are the prime factors of f?
2, 13, 223
Let x(p) = 1084*p + 10451. List the prime factors of x(38).
43, 1201
What are the prime factors of (1/(-4))/(41 + 26462555/(-645428))?
7, 37, 89
Suppose -3*f = -6*f - 5*l - 15, -2*f + 4*l + 12 = 0. Let k be (-4)/4 + 1 - f. Suppose 4*z + 8 = k, 0 = 5*h - 3*z - 423 - 133. List the prime factors of h.
2, 5, 11
Let r(k) = k**3 - 29*k**2 + 3*k - 89. Let d be r(29). What are the prime factors of 53452/126 - d/(-9)?
2, 53
Let p(l) = 1. Let q(f) be the third derivative of f**6/20 + f**5/60 + f**4/24 + 5*f**3/6 + 10*f**2. Let w(m) = 6*p(m) - q(m). List the prime factors of w(-2).
47
Let t(c) = 7*c + 77. Let v be t(-11). Suppose v = p + 4*h - 8*h - 45, -2*h + 335 = 5*p. Let m = -62 + p. List the prime factors of m.
3
Let o be (2 - 2)/((-3)/(-6)*6). What are the prime factors of (o - -212)*(-65)/(-26)?
2, 5, 53
List the prime factors of 3*4 - (-33 - 23564).
23609
Let c = 29829 - 14117. What are the prime factors of c?
2, 491
Let a = 4803 + -3368. Suppose 0 = 4*k + 5*f - a, 4*k - 44 = -4*f + 1396. What are the prime factors of k?
5, 73
Suppose -3*j + 14 - 35 = 0. Let l(t) be the second derivative of -4*t**3/3 - 7*t**2 - 66*t. List the prime factors of l(j).
2, 3, 7
Suppose 66603 = 3*f + 256*s - 257*s, 3*s - 111033 = -5*f. List the prime factors of f.
3, 2467
Let o(n) = -3*n - 78. Let a be o(-47). Suppose 56*v - a*v + 8148 = 0. What are the prime factors of v?
2, 3, 97
Let t = 514 - 513. Let i = t - -1457. What are the prime factors of i?
2, 3
Suppose -p = 2*f - 3*f + 6, -2*p = -5*f. Let l(o) = -o**3 + 29*o + 41. What are the prime factors of l(p)?
751
Let c(r) = -6*r**2 + 18*r + 36. Let f be c(-6). Let b = 449 + f. What are the prime factors of b?
7, 23
Let f(g) be the third derivative of g**4/12 - g**3/3 + 13*g**2. Let j be f(1). Suppose 0 = y + 4*y - 4*t - 386, j = -2*t + 2. List the prime factors of y.
2, 3, 13
Let k(w) = -w**3 + 21*w**2 + 27*w - 33. Let o be k(22). Suppose 72*f + 1515 = o*f. List the prime factors of f.
3, 101
Suppose -437*q + 444*q = 204764. List the prime factors of q.
2, 71, 103
Let f be (-10 + 105/12)/((-3)/(-12)). Let j be (-3638)/8 - 2/8. What are the prime factors of ((-13)/(j/(-602)))/(2/f)?
43
Suppose 2*n - 10800 = 7598. List the prime factors of n.
9199
Let a(j) = 7*j**2 + 2*j + 26. Let o be a(10). Suppose 2*m - o = -2*l + 210, -4*m - 1413 = -3*l. List the prime factors of l.
5, 19
Suppose 18*s - 10*s - 24 = 0. Suppose -2*l - s*h + 193 = -l, 365 = 2*l - h. What are the prime factors of l?
2, 23
Let o = -393 - -390. List the prime factors of o*1/3 + (-86)/(-2).
2, 3, 7
Let t = 127 + -125. Suppose 0 = -2*w, -5*w + w = t*h - 596. What are the prime factors of h?
2, 149
Let d(k) be the second derivative of 47*k**5/20 + k**3/6 - 3*k**2 + 127*k. List the prime factors of d(2).
2, 3, 31
List the prime factors of (-146997301)/(-2530) + 9/30.
2, 11, 19, 139
Suppose -6*c - 352 = 926. List the prime factors of (-7 + c/(-9))/(4/66).
5, 11
Let r = 2042 - 497. Suppose -3*o + r = 193*m - 190*m, -o - 4*m + 527 = 0. List the prime factors of o.
7, 73
Suppose -369*i + 137968 = -365*i. What are the prime factors of i?
2, 8623
Let g = 9 - 9. Suppose -5*k + 439 - 49 = g. Let w = k - 19. What are the prime factors of w?
59
Suppose 0 = -3*y + 3*w + 696, -y - 6*w + 10*w + 226 = 0. Suppose -y = -61*r + 22*r. List the prime factors of r.
2, 3
Suppose -4*f = -3*n + 1300 + 514, 0 = -2*n - 3*f + 1249. List the prime factors of n.
2, 307
Suppose 5*k = -25, 4*k = -5*u + 3*k. Suppose 9*z + 16 = 7*z. List the prime factors of u + 14 - (-2 - z - 5).
2, 7
Suppose -9 = -3*l, 5*g - 7*l = -5*l + 324. Suppose -2*z = -84 + g. Let c(j) = 20*j + 35. What are the prime factors of c(z)?
5, 43
Let c be (5 - -227)*(-5)/(-10). Let f = -101 + c. What are the prime factors of f?
3, 5
Suppose 2*y + 303 + 163 = 0. Let o = -23 - 107. Let t = o - y. List the prime factors of t.
103
Suppose -8*b = 161 - 513. Suppose -4*h + 0*h + b = 2*o, 5*o + h = 65. What are the prime factors of o?
2, 3
Let p(c) = -300*c + 48. Let k be p(4). Let w = k + 2249. List the prime factors of w.
1097
Suppose 0*r - 2*y + 130 = 2*r, -5 = -y. Suppose 378 = -r*k + 62*k. What are the prime factors of k?
3, 7
Suppose 24*x - 24223 - 72161 = 0. List the prime factors of x.
2, 251
Let d be (6/24)/(1/8). Let w(g) = 2*g**2 + d - 15*g + 12*g**2 - g**3 - 1 + 10*g. List the prime factors of w(13).
3, 5, 7
Let f = 608 - 233. Let j = f - 583. Let q = j - -412. List the prime factors of q.
2, 3, 17
Suppose g = 2*i + 35024, -3*i + 189412 = 4*g + 49239. What are the prime factors of g?
2, 17519
What are the prime factors of (1 + -6)*(3425772/(-85))/28?
3, 2399
Suppose -v - 2*v - k - 59 = 0, 0 = -4*v + 2*k - 72. Let p = 13 + 28. Let i = v + p. List the prime factors of i.
2, 11
Let c = 50 + 15. Let x = 67 - c. List the prime factors of -22*(x - 10/4).
11
What are the prime factors of 14/10 + 173237380/2300?
2, 13, 2897
Let n = 24291 + -12350. List the prime factors of n.
11941
Let x be (11/2)/(2/4) + 3. Let a(w) = -w**3 + 14*w**2 + 6*w - 21. Let c be a(x). Suppose 3*t = 3*p + c, -2*t - 2*p + 48 = -2. List the prime factors of t.
23
Suppose 51*a = -54*a + 22*a + 877642. List the prime factors of a.
2, 17, 311
Suppose -1042 = -2*o + 710. Let d be (-4)/(-6) - (0 - o/9). Suppose -d = 5*i - 318. List the prime factors of i.
2, 11
Suppose -27*c = -21*c - 16626. Suppose 491 = -6*m + c. Suppose -6*n - m = -8*n. What are the prime factors of n?
2, 5, 19
Let s = 11313 + 42776. List the prime factors of s.
7, 7727
Suppose -101*z - 537612 = -3929596. What are the prime factors of z?
2, 2099
Suppose 0 = -200*b + 6584026 - 2304826. List the prime factors of b.
2, 3, 1783
Let t(l) = -l**3 + 11*l**2 + 9*l + 83. Let d be (6/4*44/(-6))/(-1). List the prime factors of t(d).
2, 7, 13
Let q be 10/(-25)*195/(-6). Suppose t = -q*t + 14644. What are the prime factors of t?
2, 523
Suppose -3*j - 27*h + 28*h + 10101 = 0, 2*j - 6756 = -3*h. What are the prime factors of j?
3, 1123
Suppose -l = 5*s - 7504, -s = -193*l + 192*l + 7480. List the prime factors of l.
2, 1871
Let w = -332 - -11997. What are the prime factors of w?
5, 2333
Let h(z) = -23*z**3 + 15*z**2 - 11*z + 33. Let k be h(6). List the prime factors of (1/4)/1 - k/12.
2, 3, 31
Let q be 150894/(-404) - -1*1/2. Let x = -647 + 402. Let o = x - q. List the prime factors of o.
2
Let v be (-14)/(-63) + 202/(-18) + -2. Let z(p) = p**2 + 14*p + 16. Let l be z(v). Suppose l*c - 476 = -c. What are the prime factors of c?
7, 17
Suppose -3*a = -7 - 8. Suppose -j - 144 = a*j. List the prime factors of (8/j)/((-1)/255).
5, 17
Let c(p) = 2*p**2 + 156*p - 7256. What are the prime factors of c(128)?
2, 3, 5, 379
Let i(l) be the first derivative of 0*l**2 + 0*l**3 + 25 + 1/4*l**4 + 122*l. What are the prime factors of i(0)?
2, 61
Let c(l) = -16*l**2 - 15*l - 6. Let s be c(4). Let j = s + 884. What are the prime factors of j?
2, 281
Let p be -4 + 3/5 + (-52)/(-5). Let f be (-2)/p + 1/(14/298). Suppose f*z = 27*z - 786. What are the prime factors of z?
131
Let w(z) = -11 - 6 - 32*z - 31*z + 62*z + 22*z**2. List the prime factors of w(3).
2, 89
Let y(p) = 99*p + 8. Let c(r) = 98*r + 7. Let t(a) = -7*c(a) + 6*y(a). Let z be t(2). Let g = 274 + z. What are the prime factors of g?
89
Let o be 4196*(-3)/(-24) + 9/6. Let b = o + -110. What are the prime factors of b?
2, 13
Let c = -4606 + 10222. List the prime factors of c.
2, 3, 13
Suppose -2*i = -4*u + 26, -u + i = -3*i - 24. Suppose u*v - 4*y - 17 = 387, 0 = 4*y. Let o = 145 - v. List the prime factors of o.
2, 11
Let x(v) = 2992*v + 148. List the prime factors of x(2).
2, 3, 7, 73
Suppose 14*t - 1294 = 7806. Suppose -26*k = -28*k + t. What are the prime factors of k?
5, 13
Let z(x) = x**3 - 5*x**2 - 3*x + 17. Let o be z(5). Let l(a) = 5*a**2 + 73 - a**2 - a**o - 2*a**2. What are the prime factors of l(0)?
73
Suppose -197*h + 395784 = -128*h. List the prime factors of h.
2, 3, 239
Suppose -2 = m, 155*p + 5*m = 159*p - 193842. What are the prime factors of p?
2, 24229
Let h(q) = -q**2 - 9*q + 28. Let n be h(-11). Let l be ((-5299)/(-9))/1 + n/27. Suppose -l = -5*c + 306. List the prime factors of c.
179
What are the prime factors of ((-85428)/(-245))/(9/150) - (-3)/(-7)?
3, 13, 149
Let j be (3249 